{"id":2238,"date":"2024-03-20T10:16:52","date_gmt":"2024-03-20T16:16:52","guid":{"rendered":"https:\/\/demosites.royal-elementor-addons.com\/solar-energy-v2\/?page_id=70"},"modified":"2024-08-20T17:46:09","modified_gmt":"2024-08-20T23:46:09","slug":"ponentes","status":"publish","type":"page","link":"https:\/\/cofunex.com\/home\/ponentes\/","title":{"rendered":"Ponentes"},"content":{"rendered":"\t\t<div data-elementor-type=\"wp-page\" data-elementor-id=\"2238\" class=\"elementor elementor-2238\">\n\t\t\t\t<div class=\"elementor-element elementor-element-e5bdbcb e-flex e-con-boxed wpr-particle-no wpr-jarallax-no wpr-parallax-no wpr-sticky-section-no e-con e-parent\" data-id=\"e5bdbcb\" data-element_type=\"container\" data-settings=\"{&quot;background_background&quot;:&quot;classic&quot;}\">\n\t\t\t\t\t<div class=\"e-con-inner\">\n\t\t\t\t<div class=\"elementor-element elementor-element-c6306a8 elementor-widget elementor-widget-heading\" data-id=\"c6306a8\" data-element_type=\"widget\" data-widget_type=\"heading.default\">\n\t\t\t\t<div class=\"elementor-widget-container\">\n\t\t\t\t\t<h2 class=\"elementor-heading-title elementor-size-default\">Ponentes<\/h2>\t\t\t\t<\/div>\n\t\t\t\t<\/div>\n\t\t\t\t<div class=\"elementor-element elementor-element-4805d2d elementor-widget elementor-widget-heading\" data-id=\"4805d2d\" data-element_type=\"widget\" data-widget_type=\"heading.default\">\n\t\t\t\t<div class=\"elementor-widget-container\">\n\t\t\t\t\t<h2 class=\"elementor-heading-title elementor-size-default\">Home &gt; Ponentes<\/h2>\t\t\t\t<\/div>\n\t\t\t\t<\/div>\n\t\t\t\t\t<\/div>\n\t\t\t\t<\/div>\n\t\t<div class=\"elementor-element elementor-element-473c549 e-flex e-con-boxed wpr-particle-no wpr-jarallax-no wpr-parallax-no wpr-sticky-section-no e-con e-parent\" data-id=\"473c549\" data-element_type=\"container\">\n\t\t\t\t\t<div class=\"e-con-inner\">\n\t\t<div class=\"elementor-element elementor-element-a7e4359 e-flex e-con-boxed wpr-particle-no wpr-jarallax-no wpr-parallax-no wpr-sticky-section-no elementor-invisible e-con e-child\" data-id=\"a7e4359\" data-element_type=\"container\" data-settings=\"{&quot;animation&quot;:&quot;slideInRight&quot;}\">\n\t\t\t\t\t<div class=\"e-con-inner\">\n\t\t\t\t<div class=\"elementor-element elementor-element-c821669 elementor-widget elementor-widget-heading\" data-id=\"c821669\" data-element_type=\"widget\" data-widget_type=\"heading.default\">\n\t\t\t\t<div class=\"elementor-widget-container\">\n\t\t\t\t\t<h2 class=\"elementor-heading-title elementor-size-default\">Nuestros Ponentes<\/h2>\t\t\t\t<\/div>\n\t\t\t\t<\/div>\n\t\t<div class=\"elementor-element elementor-element-0fe13ec e-con-full e-grid wpr-particle-no wpr-jarallax-no wpr-parallax-no wpr-sticky-section-no e-con e-child\" data-id=\"0fe13ec\" data-element_type=\"container\">\n\t\t<div class=\"elementor-element elementor-element-cba3fe1 e-con-full e-flex wpr-particle-no wpr-jarallax-no wpr-parallax-no wpr-sticky-section-no e-con e-child\" data-id=\"cba3fe1\" data-element_type=\"container\">\n\t\t<div class=\"elementor-element elementor-element-f87bb07 e-con-full e-flex wpr-particle-no wpr-parallax-no wpr-sticky-section-no e-con e-child\" data-id=\"f87bb07\" data-element_type=\"container\" data-settings=\"{&quot;background_background&quot;:&quot;classic&quot;}\">\n\t\t\t\t<div class=\"elementor-element elementor-element-36565a0 elementor-widget elementor-widget-image\" data-id=\"36565a0\" data-element_type=\"widget\" data-widget_type=\"image.default\">\n\t\t\t\t<div class=\"elementor-widget-container\">\n\t\t\t\t\t\t\t\t\t\t\t\t\t\t\t<img fetchpriority=\"high\" decoding=\"async\" width=\"786\" height=\"1024\" src=\"https:\/\/cofunex.com\/home\/wp-content\/uploads\/2024\/08\/Untitled-design-7-1-786x1024.jpg\" class=\"attachment-large size-large wp-image-2794\" alt=\"\" srcset=\"https:\/\/cofunex.com\/home\/wp-content\/uploads\/2024\/08\/Untitled-design-7-1-786x1024.jpg 786w, https:\/\/cofunex.com\/home\/wp-content\/uploads\/2024\/08\/Untitled-design-7-1-230x300.jpg 230w, https:\/\/cofunex.com\/home\/wp-content\/uploads\/2024\/08\/Untitled-design-7-1-768x1000.jpg 768w, https:\/\/cofunex.com\/home\/wp-content\/uploads\/2024\/08\/Untitled-design-7-1-600x782.jpg 600w, https:\/\/cofunex.com\/home\/wp-content\/uploads\/2024\/08\/Untitled-design-7-1.jpg 800w\" sizes=\"(max-width: 786px) 100vw, 786px\" \/>\t\t\t\t\t\t\t\t\t\t\t\t\t\t\t<\/div>\n\t\t\t\t<\/div>\n\t\t\t\t<div class=\"elementor-element elementor-element-584d432 elementor-widget elementor-widget-text-editor\" data-id=\"584d432\" data-element_type=\"widget\" data-widget_type=\"text-editor.default\">\n\t\t\t\t<div class=\"elementor-widget-container\">\n\t\t\t\t\t\t\t\t\t<p style=\"text-align: center; font-weight: bold; font-size: 22px; margin-bottom: 0;\"><a style=\"text-decoration: none;  color: #d9b32b;\" href=\"https:\/\/cofunex.com\/home\/pedro-rivera\/\">Lic. Pedro Rivera<\/a><\/p>\n\n<div style=\"display: flex; justify-content: center;\"><img decoding=\"async\" src=\"https:\/\/img.icons8.com\/color\/48\/mexico.png\" alt=\"mexico\" width=\"30\" height=\"30\" \/><\/div>\n<p style=\"text-align: center; font-size: 20px; font-weight: bold;\">CEO, Asesor y Consultor<\/p>\t\t\t\t\t\t\t\t<\/div>\n\t\t\t\t<\/div>\n\t\t\t\t<\/div>\n\t\t\t\t<\/div>\n\t\t<div class=\"elementor-element elementor-element-3772cab e-con-full e-flex wpr-particle-no wpr-jarallax-no wpr-parallax-no wpr-sticky-section-no e-con e-child\" data-id=\"3772cab\" data-element_type=\"container\">\n\t\t<div class=\"elementor-element elementor-element-251d0e9 e-con-full e-flex wpr-particle-no wpr-jarallax-no wpr-parallax-no wpr-sticky-section-no e-con e-child\" data-id=\"251d0e9\" data-element_type=\"container\" data-settings=\"{&quot;background_background&quot;:&quot;classic&quot;}\">\n\t\t\t\t<div class=\"elementor-element elementor-element-7ab3bed elementor-widget elementor-widget-image\" data-id=\"7ab3bed\" data-element_type=\"widget\" data-widget_type=\"image.default\">\n\t\t\t\t<div class=\"elementor-widget-container\">\n\t\t\t\t\t\t\t\t\t\t\t\t\t\t\t<img decoding=\"async\" width=\"786\" height=\"1024\" src=\"https:\/\/cofunex.com\/home\/wp-content\/uploads\/2024\/08\/Untitled-design-3-1-786x1024.jpg\" class=\"attachment-large size-large wp-image-2791\" alt=\"danteCortes\" srcset=\"https:\/\/cofunex.com\/home\/wp-content\/uploads\/2024\/08\/Untitled-design-3-1-786x1024.jpg 786w, https:\/\/cofunex.com\/home\/wp-content\/uploads\/2024\/08\/Untitled-design-3-1-230x300.jpg 230w, https:\/\/cofunex.com\/home\/wp-content\/uploads\/2024\/08\/Untitled-design-3-1-768x1000.jpg 768w, https:\/\/cofunex.com\/home\/wp-content\/uploads\/2024\/08\/Untitled-design-3-1-600x782.jpg 600w, https:\/\/cofunex.com\/home\/wp-content\/uploads\/2024\/08\/Untitled-design-3-1.jpg 800w\" sizes=\"(max-width: 786px) 100vw, 786px\" \/>\t\t\t\t\t\t\t\t\t\t\t\t\t\t\t<\/div>\n\t\t\t\t<\/div>\n\t\t\t\t<div class=\"elementor-element elementor-element-5f82080 elementor-widget elementor-widget-text-editor\" data-id=\"5f82080\" data-element_type=\"widget\" data-widget_type=\"text-editor.default\">\n\t\t\t\t<div class=\"elementor-widget-container\">\n\t\t\t\t\t\t\t\t\t<p style=\"text-align: center; color: #d9b32b; font-weight: bold; font-size: 22px; margin-bottom: 0;\"><a style=\"text-decoration: none; color: #d9b32b;\" href=\"https:\/\/cofunex.com\/home\/justin-don\/\">Ing. Dante Cortes<\/a><\/p><div style=\"display: flex; justify-content: center;\"><img decoding=\"async\" src=\"https:\/\/img.icons8.com\/color\/48\/mexico.png\" alt=\"mexico\" width=\"30\" height=\"30\" \/><\/div><p style=\"text-align: center; font-size: 20px; font-weight: bold;\">Solicitar info para poner<\/p>\t\t\t\t\t\t\t\t<\/div>\n\t\t\t\t<\/div>\n\t\t\t\t<\/div>\n\t\t\t\t<\/div>\n\t\t<div class=\"elementor-element elementor-element-72d516a e-con-full e-flex wpr-particle-no wpr-jarallax-no wpr-parallax-no wpr-sticky-section-no e-con e-child\" data-id=\"72d516a\" data-element_type=\"container\">\n\t\t<div class=\"elementor-element elementor-element-e175899 e-con-full e-flex wpr-particle-no wpr-jarallax-no wpr-parallax-no wpr-sticky-section-no e-con e-child\" data-id=\"e175899\" data-element_type=\"container\" data-settings=\"{&quot;background_background&quot;:&quot;classic&quot;}\">\n\t\t\t\t<div class=\"elementor-element elementor-element-2a4be37 elementor-widget elementor-widget-image\" data-id=\"2a4be37\" data-element_type=\"widget\" data-widget_type=\"image.default\">\n\t\t\t\t<div class=\"elementor-widget-container\">\n\t\t\t\t\t\t\t\t\t\t\t\t\t\t\t<img loading=\"lazy\" decoding=\"async\" width=\"786\" height=\"1024\" src=\"https:\/\/cofunex.com\/home\/wp-content\/uploads\/2024\/08\/Untitled-design-8-1-786x1024.jpg\" class=\"attachment-large size-large wp-image-2795\" alt=\"EnriqueMezquita\" srcset=\"https:\/\/cofunex.com\/home\/wp-content\/uploads\/2024\/08\/Untitled-design-8-1-786x1024.jpg 786w, https:\/\/cofunex.com\/home\/wp-content\/uploads\/2024\/08\/Untitled-design-8-1-230x300.jpg 230w, https:\/\/cofunex.com\/home\/wp-content\/uploads\/2024\/08\/Untitled-design-8-1-768x1000.jpg 768w, https:\/\/cofunex.com\/home\/wp-content\/uploads\/2024\/08\/Untitled-design-8-1-600x782.jpg 600w, https:\/\/cofunex.com\/home\/wp-content\/uploads\/2024\/08\/Untitled-design-8-1.jpg 800w\" sizes=\"(max-width: 786px) 100vw, 786px\" \/>\t\t\t\t\t\t\t\t\t\t\t\t\t\t\t<\/div>\n\t\t\t\t<\/div>\n\t\t\t\t<div class=\"elementor-element elementor-element-958198b elementor-widget elementor-widget-text-editor\" data-id=\"958198b\" data-element_type=\"widget\" data-widget_type=\"text-editor.default\">\n\t\t\t\t<div class=\"elementor-widget-container\">\n\t\t\t\t\t\t\t\t\t<p style=\"text-align: center; color: #d9b32b; font-weight: bold; font-size: 21px; margin-bottom: 0;\"><a style=\"text-decoration: none; color: #d9b32b;\" href=\"https:\/\/cofunex.com\/home\/belmiro\/\">Lic. Enrique Mezquita<\/a><\/p><div style=\"display: flex; justify-content: center;\"><img decoding=\"async\" src=\"https:\/\/img.icons8.com\/color\/48\/mexico.png\" alt=\"mexico\" width=\"30\" height=\"30\" \/><\/div><p style=\"text-align: center; font-size: 19px; font-weight: bold;\">CEO y Fundador de Enfoque en Ventas<\/p>\t\t\t\t\t\t\t\t<\/div>\n\t\t\t\t<\/div>\n\t\t\t\t<\/div>\n\t\t\t\t<\/div>\n\t\t<div class=\"elementor-element elementor-element-df9e76c e-con-full e-flex wpr-particle-no wpr-jarallax-no wpr-parallax-no wpr-sticky-section-no e-con e-child\" data-id=\"df9e76c\" data-element_type=\"container\">\n\t\t<div class=\"elementor-element elementor-element-b8cc51e e-con-full e-flex wpr-particle-no wpr-jarallax-no wpr-parallax-no wpr-sticky-section-no e-con e-child\" data-id=\"b8cc51e\" data-element_type=\"container\" data-settings=\"{&quot;background_background&quot;:&quot;classic&quot;}\">\n\t\t\t\t<div class=\"elementor-element elementor-element-59c93e7 elementor-widget elementor-widget-image\" data-id=\"59c93e7\" data-element_type=\"widget\" data-widget_type=\"image.default\">\n\t\t\t\t<div class=\"elementor-widget-container\">\n\t\t\t\t\t\t\t\t\t\t\t\t\t\t\t<img loading=\"lazy\" decoding=\"async\" width=\"786\" height=\"1024\" src=\"https:\/\/cofunex.com\/home\/wp-content\/uploads\/2024\/08\/Untitled-design-2-1-786x1024.jpg\" class=\"attachment-large size-large wp-image-2790\" alt=\"davidBedoya\" srcset=\"https:\/\/cofunex.com\/home\/wp-content\/uploads\/2024\/08\/Untitled-design-2-1-786x1024.jpg 786w, https:\/\/cofunex.com\/home\/wp-content\/uploads\/2024\/08\/Untitled-design-2-1-230x300.jpg 230w, https:\/\/cofunex.com\/home\/wp-content\/uploads\/2024\/08\/Untitled-design-2-1-768x1000.jpg 768w, https:\/\/cofunex.com\/home\/wp-content\/uploads\/2024\/08\/Untitled-design-2-1-600x782.jpg 600w, https:\/\/cofunex.com\/home\/wp-content\/uploads\/2024\/08\/Untitled-design-2-1.jpg 800w\" sizes=\"(max-width: 786px) 100vw, 786px\" \/>\t\t\t\t\t\t\t\t\t\t\t\t\t\t\t<\/div>\n\t\t\t\t<\/div>\n\t\t\t\t<div class=\"elementor-element elementor-element-32cc0ba elementor-widget elementor-widget-text-editor\" data-id=\"32cc0ba\" data-element_type=\"widget\" data-widget_type=\"text-editor.default\">\n\t\t\t\t<div class=\"elementor-widget-container\">\n\t\t\t\t\t\t\t\t\t<p style=\"text-align: center; color: #d9b32b; font-weight: bold; font-size: 21px; margin-bottom: 0;\"><a style=\"text-decoration: none; color: #d9b32b;\" href=\"https:\/\/cofunex.com\/home\/laci-dobra\/\">Lic. David Bedoya<\/a><\/p><div style=\"display: flex; justify-content: center;\"><img loading=\"lazy\" decoding=\"async\" src=\"https:\/\/img.icons8.com\/color\/48\/colombia.png\" alt=\"colombia\" width=\"30\" height=\"30\" \/><\/div><p style=\"text-align: center; font-size: 19px; font-weight: bold;\">Tanatopraxia y Arte Restaurativo<\/p>\t\t\t\t\t\t\t\t<\/div>\n\t\t\t\t<\/div>\n\t\t\t\t<\/div>\n\t\t\t\t<\/div>\n\t\t\t\t<\/div>\n\t\t<div class=\"elementor-element elementor-element-53a22a7 e-con-full e-grid wpr-particle-no wpr-jarallax-no wpr-parallax-no wpr-sticky-section-no e-con e-child\" data-id=\"53a22a7\" data-element_type=\"container\">\n\t\t<div class=\"elementor-element elementor-element-9c7eb7f e-con-full e-flex wpr-particle-no wpr-jarallax-no wpr-parallax-no wpr-sticky-section-no e-con e-child\" data-id=\"9c7eb7f\" data-element_type=\"container\">\n\t\t<div class=\"elementor-element elementor-element-85a8b09 e-con-full e-flex wpr-particle-no wpr-jarallax-no wpr-parallax-no wpr-sticky-section-no e-con e-child\" data-id=\"85a8b09\" data-element_type=\"container\" data-settings=\"{&quot;background_background&quot;:&quot;classic&quot;}\">\n\t\t\t\t<div class=\"elementor-element elementor-element-7af358c elementor-widget elementor-widget-image\" data-id=\"7af358c\" data-element_type=\"widget\" data-widget_type=\"image.default\">\n\t\t\t\t<div class=\"elementor-widget-container\">\n\t\t\t\t\t\t\t\t\t\t\t\t\t\t\t<img loading=\"lazy\" decoding=\"async\" width=\"786\" height=\"1024\" src=\"https:\/\/cofunex.com\/home\/wp-content\/uploads\/2024\/08\/Untitled-design-6-1-786x1024.jpg\" class=\"attachment-large size-large wp-image-2793\" alt=\"\" srcset=\"https:\/\/cofunex.com\/home\/wp-content\/uploads\/2024\/08\/Untitled-design-6-1-786x1024.jpg 786w, https:\/\/cofunex.com\/home\/wp-content\/uploads\/2024\/08\/Untitled-design-6-1-230x300.jpg 230w, https:\/\/cofunex.com\/home\/wp-content\/uploads\/2024\/08\/Untitled-design-6-1-768x1000.jpg 768w, https:\/\/cofunex.com\/home\/wp-content\/uploads\/2024\/08\/Untitled-design-6-1-600x782.jpg 600w, https:\/\/cofunex.com\/home\/wp-content\/uploads\/2024\/08\/Untitled-design-6-1.jpg 800w\" sizes=\"(max-width: 786px) 100vw, 786px\" \/>\t\t\t\t\t\t\t\t\t\t\t\t\t\t\t<\/div>\n\t\t\t\t<\/div>\n\t\t\t\t<div class=\"elementor-element elementor-element-6373dd3 elementor-widget elementor-widget-text-editor\" data-id=\"6373dd3\" data-element_type=\"widget\" data-widget_type=\"text-editor.default\">\n\t\t\t\t<div class=\"elementor-widget-container\">\n\t\t\t\t\t\t\t\t\t<p style=\"text-align: center; color: #d9b32b; font-weight: bold; font-size: 21px; margin-bottom: 0;\"><a style=\"text-decoration: none; color: #d9b32b;\" href=\"https:\/\/cofunex.com\/home\/john-doe\/\">Rosa Mar\u00eda Luna<\/a><\/p><div style=\"display: flex; justify-content: center;\"><img decoding=\"async\" src=\"https:\/\/img.icons8.com\/color\/48\/mexico.png\" alt=\"mexico\" width=\"30\" height=\"30\" \/><\/div><p style=\"text-align: center; font-size: 19px; font-weight: bold;\">Influcencer en Networking Funerario<\/p>\t\t\t\t\t\t\t\t<\/div>\n\t\t\t\t<\/div>\n\t\t\t\t<\/div>\n\t\t\t\t<\/div>\n\t\t<div class=\"elementor-element elementor-element-54bae29 e-con-full e-flex wpr-particle-no wpr-jarallax-no wpr-parallax-no wpr-sticky-section-no e-con e-child\" data-id=\"54bae29\" data-element_type=\"container\">\n\t\t<div class=\"elementor-element elementor-element-f601cd8 e-con-full e-flex wpr-particle-no wpr-jarallax-no wpr-parallax-no wpr-sticky-section-no e-con e-child\" data-id=\"f601cd8\" data-element_type=\"container\" data-settings=\"{&quot;background_background&quot;:&quot;classic&quot;}\">\n\t\t\t\t<div class=\"elementor-element elementor-element-4b59dbd elementor-widget elementor-widget-image\" data-id=\"4b59dbd\" data-element_type=\"widget\" data-widget_type=\"image.default\">\n\t\t\t\t<div class=\"elementor-widget-container\">\n\t\t\t\t\t\t\t\t\t\t\t\t\t\t\t<img loading=\"lazy\" decoding=\"async\" width=\"786\" height=\"1024\" src=\"https:\/\/cofunex.com\/home\/wp-content\/uploads\/2024\/08\/Untitled-design-19-786x1024.jpg\" class=\"attachment-large size-large wp-image-2787\" alt=\"yanethRubio\" srcset=\"https:\/\/cofunex.com\/home\/wp-content\/uploads\/2024\/08\/Untitled-design-19-786x1024.jpg 786w, https:\/\/cofunex.com\/home\/wp-content\/uploads\/2024\/08\/Untitled-design-19-230x300.jpg 230w, https:\/\/cofunex.com\/home\/wp-content\/uploads\/2024\/08\/Untitled-design-19-768x1000.jpg 768w, https:\/\/cofunex.com\/home\/wp-content\/uploads\/2024\/08\/Untitled-design-19-600x782.jpg 600w, https:\/\/cofunex.com\/home\/wp-content\/uploads\/2024\/08\/Untitled-design-19.jpg 800w\" sizes=\"(max-width: 786px) 100vw, 786px\" \/>\t\t\t\t\t\t\t\t\t\t\t\t\t\t\t<\/div>\n\t\t\t\t<\/div>\n\t\t\t\t<div class=\"elementor-element elementor-element-9eef444 elementor-widget elementor-widget-text-editor\" data-id=\"9eef444\" data-element_type=\"widget\" data-widget_type=\"text-editor.default\">\n\t\t\t\t<div class=\"elementor-widget-container\">\n\t\t\t\t\t\t\t\t\t<p style=\"text-align: center; color: #d9b32b; font-weight: bold; font-size: 21px; margin-bottom: 0;\"><a style=\"text-decoration: none; color: #d9b32b;\" href=\"https:\/\/cofunex.com\/home\/asle-jenny\/\">Psic. Yaneth Rubio<\/a><\/p><div style=\"display: flex; justify-content: center;\"><img loading=\"lazy\" decoding=\"async\" src=\"https:\/\/img.icons8.com\/color\/48\/colombia.png\" alt=\"colombia\" width=\"30\" height=\"30\" \/><\/div><p style=\"text-align: center; font-size: 19px; font-weight: bold;\">Psic\u00f3loga, Tanat\u00f3loga y Coach<\/p>\t\t\t\t\t\t\t\t<\/div>\n\t\t\t\t<\/div>\n\t\t\t\t<\/div>\n\t\t\t\t<\/div>\n\t\t<div class=\"elementor-element elementor-element-a9582ef e-con-full e-flex wpr-particle-no wpr-jarallax-no wpr-parallax-no wpr-sticky-section-no e-con e-child\" data-id=\"a9582ef\" data-element_type=\"container\">\n\t\t<div class=\"elementor-element elementor-element-081bf07 e-con-full e-flex wpr-particle-no wpr-jarallax-no wpr-parallax-no wpr-sticky-section-no e-con e-child\" data-id=\"081bf07\" data-element_type=\"container\" data-settings=\"{&quot;background_background&quot;:&quot;classic&quot;}\">\n\t\t\t\t<div class=\"elementor-element elementor-element-4c6623d elementor-widget elementor-widget-image\" data-id=\"4c6623d\" data-element_type=\"widget\" data-widget_type=\"image.default\">\n\t\t\t\t<div class=\"elementor-widget-container\">\n\t\t\t\t\t\t\t\t\t\t\t\t\t\t\t<img loading=\"lazy\" decoding=\"async\" width=\"786\" height=\"1024\" src=\"https:\/\/cofunex.com\/home\/wp-content\/uploads\/2024\/08\/Untitled-design-1-2-786x1024.jpg\" class=\"attachment-large size-large wp-image-2789\" alt=\"ednaAurora\" srcset=\"https:\/\/cofunex.com\/home\/wp-content\/uploads\/2024\/08\/Untitled-design-1-2-786x1024.jpg 786w, https:\/\/cofunex.com\/home\/wp-content\/uploads\/2024\/08\/Untitled-design-1-2-230x300.jpg 230w, https:\/\/cofunex.com\/home\/wp-content\/uploads\/2024\/08\/Untitled-design-1-2-768x1000.jpg 768w, https:\/\/cofunex.com\/home\/wp-content\/uploads\/2024\/08\/Untitled-design-1-2-600x782.jpg 600w, https:\/\/cofunex.com\/home\/wp-content\/uploads\/2024\/08\/Untitled-design-1-2.jpg 800w\" sizes=\"(max-width: 786px) 100vw, 786px\" \/>\t\t\t\t\t\t\t\t\t\t\t\t\t\t\t<\/div>\n\t\t\t\t<\/div>\n\t\t\t\t<div class=\"elementor-element elementor-element-c4477b0 elementor-widget elementor-widget-text-editor\" data-id=\"c4477b0\" data-element_type=\"widget\" data-widget_type=\"text-editor.default\">\n\t\t\t\t<div class=\"elementor-widget-container\">\n\t\t\t\t\t\t\t\t\t<p style=\"text-align: center; color: #d9b32b; font-weight: bold; font-size: 21px; margin-bottom: 0;\"><a style=\"text-decoration: none; color: #d9b32b;\" href=\"https:\/\/cofunex.com\/home\/pona-moon\/\">Edna Aurora Lizarazo<\/a><\/p><div style=\"display: flex; justify-content: center;\"><img loading=\"lazy\" decoding=\"async\" src=\"https:\/\/img.icons8.com\/color\/48\/colombia.png\" alt=\"colombia\" width=\"30\" height=\"30\" \/><\/div><p style=\"text-align: center; font-size: 19px; font-weight: bold;\">Comunicadora Social &amp; Consultor<\/p>\t\t\t\t\t\t\t\t<\/div>\n\t\t\t\t<\/div>\n\t\t\t\t<\/div>\n\t\t\t\t<\/div>\n\t\t<div class=\"elementor-element elementor-element-8a0f2a0 e-con-full e-flex wpr-particle-no wpr-jarallax-no wpr-parallax-no wpr-sticky-section-no e-con e-child\" data-id=\"8a0f2a0\" data-element_type=\"container\">\n\t\t<div class=\"elementor-element elementor-element-86ceef9 e-con-full e-flex wpr-particle-no wpr-jarallax-no wpr-parallax-no wpr-sticky-section-no e-con e-child\" data-id=\"86ceef9\" data-element_type=\"container\" data-settings=\"{&quot;background_background&quot;:&quot;classic&quot;}\">\n\t\t\t\t<div class=\"elementor-element elementor-element-2981c44 elementor-widget elementor-widget-image\" data-id=\"2981c44\" data-element_type=\"widget\" data-widget_type=\"image.default\">\n\t\t\t\t<div class=\"elementor-widget-container\">\n\t\t\t\t\t\t\t\t\t\t\t\t\t\t\t<img loading=\"lazy\" decoding=\"async\" width=\"786\" height=\"1024\" src=\"https:\/\/cofunex.com\/home\/wp-content\/uploads\/2024\/08\/Untitled-design-5-1-786x1024.jpg\" class=\"attachment-large size-large wp-image-2792\" alt=\"\" srcset=\"https:\/\/cofunex.com\/home\/wp-content\/uploads\/2024\/08\/Untitled-design-5-1-786x1024.jpg 786w, https:\/\/cofunex.com\/home\/wp-content\/uploads\/2024\/08\/Untitled-design-5-1-230x300.jpg 230w, https:\/\/cofunex.com\/home\/wp-content\/uploads\/2024\/08\/Untitled-design-5-1-768x1000.jpg 768w, https:\/\/cofunex.com\/home\/wp-content\/uploads\/2024\/08\/Untitled-design-5-1-600x782.jpg 600w, https:\/\/cofunex.com\/home\/wp-content\/uploads\/2024\/08\/Untitled-design-5-1.jpg 800w\" sizes=\"(max-width: 786px) 100vw, 786px\" \/>\t\t\t\t\t\t\t\t\t\t\t\t\t\t\t<\/div>\n\t\t\t\t<\/div>\n\t\t\t\t<div class=\"elementor-element elementor-element-1c2fc76 elementor-widget elementor-widget-text-editor\" data-id=\"1c2fc76\" data-element_type=\"widget\" data-widget_type=\"text-editor.default\">\n\t\t\t\t<div class=\"elementor-widget-container\">\n\t\t\t\t\t\t\t\t\t<p style=\"text-align: center; color: #d9b32b; font-weight: bold; font-size: 21px; margin-bottom: 0;\"><a style=\"text-decoration: none; color: #d9b32b;\" href=\"https:\/\/cofunex.com\/home\/ruben-shth\/\">Cesar Ornelas<\/a><\/p><div style=\"display: flex; justify-content: center;\"><img loading=\"lazy\" decoding=\"async\" src=\"https:\/\/img.icons8.com\/color\/48\/usa.png\" alt=\"usa\" width=\"35\" height=\"30\" \/><\/div><p style=\"text-align: center; font-size: 19px; font-weight: bold;\">Solcitar info para poner aqui<\/p>\t\t\t\t\t\t\t\t<\/div>\n\t\t\t\t<\/div>\n\t\t\t\t<\/div>\n\t\t\t\t<\/div>\n\t\t\t\t<\/div>\n\t\t\t\t\t<\/div>\n\t\t\t\t<\/div>\n\t\t\t\t\t<\/div>\n\t\t\t\t<\/div>\n\t\t\t\t<\/div>\n\t\t","protected":false},"excerpt":{"rendered":"<p>Ponentes Home &gt; Ponentes Nuestros Ponentes Lic. Pedro Rivera CEO, Asesor y Consultor Ing. Dante Cortes Solicitar info para poner Lic. Enrique Mezquita CEO y Fundador de Enfoque en Ventas Lic. David Bedoya Tanatopraxia y Arte Restaurativo Rosa Mar\u00eda Luna Influcencer en Networking Funerario Psic. Yaneth Rubio Psic\u00f3loga, Tanat\u00f3loga y Coach Edna Aurora Lizarazo Comunicadora Social &amp; Consultor Cesar Ornelas Solcitar info para poner aqui<\/p>\n","protected":false},"author":3,"featured_media":0,"parent":0,"menu_order":0,"comment_status":"closed","ping_status":"closed","template":"elementor_canvas","meta":{"footnotes":""},"class_list":["post-2238","page","type-page","status-publish","hentry"],"_links":{"self":[{"href":"https:\/\/cofunex.com\/home\/wp-json\/wp\/v2\/pages\/2238","targetHints":{"allow":["GET"]}}],"collection":[{"href":"https:\/\/cofunex.com\/home\/wp-json\/wp\/v2\/pages"}],"about":[{"href":"https:\/\/cofunex.com\/home\/wp-json\/wp\/v2\/types\/page"}],"author":[{"embeddable":true,"href":"https:\/\/cofunex.com\/home\/wp-json\/wp\/v2\/users\/3"}],"replies":[{"embeddable":true,"href":"https:\/\/cofunex.com\/home\/wp-json\/wp\/v2\/comments?post=2238"}],"version-history":[{"count":17,"href":"https:\/\/cofunex.com\/home\/wp-json\/wp\/v2\/pages\/2238\/revisions"}],"predecessor-version":[{"id":2828,"href":"https:\/\/cofunex.com\/home\/wp-json\/wp\/v2\/pages\/2238\/revisions\/2828"}],"wp:attachment":[{"href":"https:\/\/cofunex.com\/home\/wp-json\/wp\/v2\/media?parent=2238"}],"curies":[{"name":"wp","href":"https:\/\/api.w.org\/{rel}","templated":true}]}}